
Let b(s) = s**2 + 18*s + 47. Let o be b(-15). Let z = -10 + 14. Suppose -5*r + 0*r - 5 = k, -o*k = -z*r - 32. What are the prime factors of k?
2, 5
Suppose 3*k - 4*s = 195732, -3*k - 2*s + s + 195687 = 0. List the prime factors of k.
2, 3, 151
Let m = -61525 - -107522. What are the prime factors of m?
7, 6571
Suppose 3*u = 5*z - 1547, 3*z = -2*u + 642 - 1648. Let q = u - -748. List the prime factors of q.
239
Let s(m) = -7660*m - 16262. What are the prime factors of s(-9)?
2, 26339
Let j = 7120 + 128. Suppose -25*g = -9*g - j. List the prime factors of g.
3, 151
Let y be 2 + (-9)/((-18)/4). Suppose -4*v = -159 - 177. Suppose y*k = -4*q + q + v, -5*q + 140 = -2*k. What are the prime factors of q?
2, 7
What are the prime factors of (-1)/(-4) - 414957/24*-2?
2, 5, 7, 13, 19
Let l = 40062 + -8967. List the prime factors of l.
3, 5, 691
Let t(d) = -5*d**2 + 3*d - 9. Let y be t(-6). Let w = y - -480. What are the prime factors of w?
3, 7, 13
Let t be (-8)/28 + (-48)/(-21). Suppose 2*h - t = 0, -v + 5*h + 107 = -144. List the prime factors of v.
2
Let l(q) be the third derivative of q**6/120 + q**5/6 - 11*q**4/24 - q**3/3 + 11*q**2 + 3. What are the prime factors of l(-5)?
2, 89
Suppose -3*n + 2215 = -n + 3*w, 0 = 3*n + 4*w - 3320. What are the prime factors of n?
2, 5, 11
Suppose -4*k + l + 2769 = -5859, 3*l = -5*k + 10802. List the prime factors of k.
2, 13, 83
Let a(l) be the second derivative of l**4/3 - 13*l**3/3 + 28*l**2 + 70*l. What are the prime factors of a(18)?
2, 13, 17
Let u(p) = 12*p**2 - 5*p + 5. Let l be u(1). Suppose -3*b + c + 204 + l = 0, 4*b + 2*c - 298 = 0. List the prime factors of b.
73
Suppose -129*b - 97*b + 600 = -76*b. Let v(t) = t**2 - t + 1. Let m(o) = -4*o**2 + 14*o - 20. Let g(c) = m(c) + 5*v(c). List the prime factors of g(b).
37
What are the prime factors of (24 - 10)/((133/(-1162))/(-19))?
2, 7, 83
Let z be (-2)/9 - (-2982)/54. Let d(u) = z*u + 61 - 25 - 47*u. List the prime factors of d(18).
2, 3, 5
Let h be 3/((-160)/35 + 5). Let g(y) = 68*y - 9. What are the prime factors of g(h)?
467
Suppose -b - 6*x = -x - 2, -5*b = x + 14. Let j(h) = 21*h**2 - 17*h - 9. What are the prime factors of j(b)?
3, 7, 11
Let h(l) = 8*l**3 + 11*l**2 + l + 97. List the prime factors of h(12).
59, 263
Let q(g) = -g**3 - 16*g**2 - 17*g - 36. Let v be q(-15). Let m be 3/v*4/(-2)*-2. What are the prime factors of 2 + m - -71 - -2?
73
Let g(u) = -148*u - 47. Let t(h) = -8*h + 12. Let c be t(2). What are the prime factors of g(c)?
5, 109
Let c(u) = -u + 6. Let p be c(6). Let b(j) = 4*j + 5. Let m be b(p). What are the prime factors of 426/(-9)*(-4 - m/(-2))?
71
Suppose 14 = c - 3*i, 2*i = c + 4*i - 24. Suppose -266 = -c*z + 334. List the prime factors of z.
2, 3, 5
Let w(y) = -15*y + 59. Let z be w(4). What are the prime factors of (702/135)/(z/(-10))?
2, 13
Let c = 103 - 98. Suppose 0 = -7*y + 9 + c. Let h(t) = 26*t**2 - 1. List the prime factors of h(y).
103
Let c be 53*3*1*495/135. Suppose -5*w = -5*o - 2115, -257 = -2*w + 5*o + c. What are the prime factors of w?
5, 17
Let u(k) = -k**2 - 2*k + 23. Let b be u(-4). Suppose -s + 55 = 7*m - 2*m, b = s - 5*m. List the prime factors of s.
5, 7
Let v(g) = 2553*g + 6197. What are the prime factors of v(15)?
2, 7, 227
Let m = 224 + -227. What are the prime factors of (-2)/(m + 6268/2092)?
523
Suppose 4534926 = -21*b + 142*b - 160721. What are the prime factors of b?
151, 257
What are the prime factors of -9 + 55447/14 - (-45)/30?
59, 67
Let s(n) be the third derivative of 15*n**2 + 0*n**3 + 0*n + 0 + 39/8*n**4. What are the prime factors of s(1)?
3, 13
Suppose 2*l - 5*v = 18163, 0 = -12*l + 8*l - 3*v + 36339. What are the prime factors of l?
2, 3, 757
Suppose 11*j - 11 + 44 = 0. Let q be -3*1/3*j. Suppose -2*g + 104 = 3*k - 135, -g = -q*k + 227. What are the prime factors of k?
7, 11
Let i be (-3)/(-3)*(0 - 147*-1). Suppose 219 = 2*c - 4*o + 9, 3*c + 2*o = 299. Suppose -c = -4*d + i. What are the prime factors of d?
2, 31
Suppose 4 = l + f, 3*f - 6 - 10 = -4*l. Suppose -l*x - 3 = -5*x. List the prime factors of ((-12)/(x - 4))/(1/4).
2, 3
Let j(g) be the third derivative of g**6/120 + g**5/5 + g**4/6 + g**3/3 - 11*g**2 - 8. Let k be 102/(-12) + (-3)/2. What are the prime factors of j(k)?
2, 3
Suppose -36*f + 39*f = -2*g + 185526, 0 = f - 3*g - 61842. List the prime factors of f.
2, 3, 11, 937
Let q = 709 - 293. Suppose -3440 = -8*u - q. List the prime factors of u.
2, 3, 7
Suppose 10*l + 5*h - 15 = 5*l, 3*l + 11 = h. Let k(g) = -125*g**2 + 2*g - 2. Let x be k(l). Let c = -335 - x. What are the prime factors of c?
3, 19
What are the prime factors of 2606 - 2*((-16)/(-4) - 2)?
2, 1301
Let q = 25438 - -10642. List the prime factors of q.
2, 5, 11, 41
Suppose -93*s - 87*s + 3283689 = -3332211. What are the prime factors of s?
5, 7351
Suppose -6*h + 3*h = 12*h - 45375. List the prime factors of h.
5, 11
Let a = 1139 + 961. Suppose -4*n = -n - a. Suppose 7*b - 3*b = n. What are the prime factors of b?
5, 7
Let k be 2 + (-2 - (-2 + -1)). Suppose 4*q - q - 34 = -v, 0 = 3*q - k*v - 42. Suppose -7*u = -q - 9. What are the prime factors of u?
3
Suppose -x = 5*t - 0 - 1, -5 = -5*x + 5*t. Let i be (0*(3 + -2))/x. Suppose 2*z - 5*w - 333 = i, -z = -5*z + 5*w + 681. What are the prime factors of z?
2, 3, 29
Let l(r) = 1741*r - 3903. What are the prime factors of l(6)?
3, 727
Suppose -4*n = x - 9, 0*x = -3*x - 2*n + 47. Suppose -9*g = -x*g + 10536. What are the prime factors of g?
3, 439
Suppose 2*i + 17 = 3*f, -4*f + 2*f - 2*i = 2. Suppose -10*k + f = -7*k. What are the prime factors of ((-294)/21)/(k + 10/(-9))?
2, 3, 7
Suppose -104575 = -14*x + 97627. What are the prime factors of x?
11, 13, 101
Suppose -5*d + 3*d + 15442 = -2*j, -5*j = 3*d - 23187. What are the prime factors of d?
2, 1931
Let z(o) = 2*o**2 - 19*o + 58. Let x be z(8). Let a = 161 + x. List the prime factors of a.
3, 5, 13
Let x = -98 + 101. Suppose -2*d + 12 = 2*w, 3*w + 4*d - 2*d - 14 = 0. Suppose -x*c = 3*o - c - 223, -c + w = 0. List the prime factors of o.
73
Let m be (-4992)/(-11) + (-10)/(-55). Let b = m + 263. List the prime factors of b.
3, 239
Suppose -2*q = 5*q - 182. Let x = 226 - q. List the prime factors of x.
2, 5
Let s = -5426 + 10521. Suppose -s + 14175 = 20*q. List the prime factors of q.
2, 227
Suppose 740*r - 40362 = 737*r + 5*f, -r + 13447 = -4*f. List the prime factors of r.
43, 313
Let b(w) = w + 7. Let p be b(10). Suppose -p*x + 4 = -16*x. What are the prime factors of (x/(-10) - 0) + 12246/65?
2, 47
Let t(g) = -933*g**3 - 24*g**2 - 4. What are the prime factors of t(-4)?
2, 14831
Let w be 43/5 + 57/(-95). Let k(x) = x**3 + x**2 - 34*x - 10. List the prime factors of k(w).
2, 3, 7
Suppose -n + 5*n = 2*p + 18, 2 = -4*n - 2*p. Suppose 3*m = -5*f + 47, 0 = -7*m + 10*m + n*f - 44. What are the prime factors of m?
2, 7
Suppose 4*h = -k - k - 4, 3*k + 3*h - 3 = 0. What are the prime factors of ((-12)/5)/(k/(-120))?
2, 3
Suppose -546226 + 3525901 = -138*z + 423*z. What are the prime factors of z?
3, 5, 17, 41
Suppose 22*m - 91352 = 996152. List the prime factors of m.
2, 37, 167
What are the prime factors of 12/4 + (-9 - -38541 - (-7 + 0))?
2, 7, 2753
Suppose -7*i + 19 + 9 = 0. Suppose 5 = w - i. Suppose 3*b = -w, p - b = -3*b + 125. What are the prime factors of p?
131
Let j = -24098 + 40430. List the prime factors of j.
2, 3, 1361
Let r(h) = 12*h + 22. Let k = 244 + -237. List the prime factors of r(k).
2, 53
Let a be (-744)/22 - 1 - 14/77. Let j = -22 - a. Let g(l) = 2*l - 8. What are the prime factors of g(j)?
2, 3
Let j = -6645 + 11157. List the prime factors of j.
2, 3, 47
Suppose -22*d = 8*d - 0*d - 956640. What are the prime factors of d?
2, 1993
Let w(o) = -4*o - 20. Let l = -57 + 42. Let d be w(l). Let v = 85 - d. List the prime factors of v.
3, 5
Let a(c) = -12*c - 171. Let k(i) = 3*i + 43. Let y(z) = 5*a(z) + 21*k(z). Let v be y(-18). List the prime factors of v/33 + 3603/33.
109
Let h be 28/(-182) + 4/26. Let l = -49 - -85. Suppose h = 14*r - 11*r - l. List the prime factors of r.
2, 3
Suppose -144 = -5*w + 8*w. Let h = -213 + 161. Let z = w - h. List the prime factors of z.
2
Let p(d) = -d**3 + 9*d**2 - 2*d + 22. Let f be p(9). Suppose -4*y + 44 = f*s, 3*s - 27 = 2*s + 3*y. Let z = s - -80. List the prime fa